+ 7*z**2 - 6*z - 2. Let m(u) = -2*c(u) + 3*d(u). What is the tens digit of m(s)?
3
Let g(q) = -9972*q + 226. What is the ten thousands digit of g(-1)?
1
Let o(l) = -6*l - 37. Let v be 316/(-16) + 2 + 9/(-4). Let t be o(v). Let h = 169 - t. What is the units digit of h?
6
Let b be 5/1 + (-12)/6. Suppose 24 = 4*f + 2*z - 38, -2*z = -b*f + 36. What is the units digit of (-17)/(-6) - f/(-84)?
3
Let k = -30082 - -43457. What is the units digit of k?
5
Let y be (1/3)/(2/(-3846)). Let n = 1111 + y. What is the hundreds digit of n?
4
Let g(d) = 3*d**3 - 18*d**2 - 273*d + 23. What is the ten thousands digit of g(21)?
1
Let t(n) = 17*n**3 + 74*n**2 + 8*n + 9. What is the hundreds digit of t(11)?
6
What is the units digit of -476*15/(-50)*(11 + (-9 - -18))?
6
Let b(l) = l**2 + 11*l + 2. Let v(p) = p**2 - 4*p - 16. Let c be v(-5). Let t = 14 - c. What is the tens digit of b(t)?
6
Suppose -5 = 3*t - 20. Suppose 3*s = 17 - t. Suppose 3*r + r = 5*l - 296, s*l + 2*r = 216. What is the tens digit of l?
5
Let s(d) = 6*d**3 + 15*d**2 + 181*d - 1017. What is the tens digit of s(6)?
0
Suppose 0 = -2*k - a - 6, -2*k = k + a + 8. What is the tens digit of (-2)/(-3)*(-8 - 3421/k)?
3
Let q(p) = -p**3 - 19*p**2 - p + 10. Let y be ((28/(-8))/7)/((-3)/396). Suppose -62*v = -y*v - 76. What is the units digit of q(v)?
9
Let j be (-8)/((-96)/9531) + 1/(-4). Suppose 738 = j*m - 791*m. What is the hundreds digit of m?
2
Let v(o) = 3*o - 28. Let t be v(10). Let c be t*(4 - 15/6). Let g = 8 + c. What is the tens digit of g?
1
Suppose 111*u - 116*u = -2870. Suppose -14*f + 21*f - u = 0. What is the tens digit of f?
8
Let a = 458 - 766. Let s = a + 586. What is the tens digit of s?
7
Let h(d) = -183 + 158 - 186 - 124*d - 184*d - 291. What is the hundreds digit of h(-7)?
6
Let h(j) = -j**2 + 9*j + 2. Let c = 14 + -5. Let r be h(c). What is the hundreds digit of (-14)/(4/r*2/(-46))?
1
Let k = 369 + -381. What is the units digit of (-165)/k - (-8)/32?
4
Let v = -82 + -59. Let m = 121 + v. Let w = m + 82. What is the units digit of w?
2
Suppose 3*k - 3969 = 3*l, -2*k + 4*l + 1942 = -710. Suppose 35*o - k = 29*o. What is the units digit of o?
0
Suppose 74*p - 64*p - 261058 = -80478. What is the hundreds digit of p?
0
Suppose 0 = -4*r - s + 148636, -165*s + 148636 = 4*r - 168*s. What is the tens digit of r?
5
Let n(j) = 19*j**2 + 13*j - 54. Let s be n(4). Let a = s + 245. What is the units digit of a?
7
Let s be -1*-1*(0 + 6 - (-12)/(-2)). Suppose -5*y - 3*f = -30, -3*f + 0*f = 0. Suppose s = -y*n + 113 + 193. What is the units digit of n?
1
Suppose 5*z - 52185 = -5*i, 3*z = -563*i + 566*i - 31335. What is the units digit of i?
1
Let b(g) = -9*g - 72. Let r(v) = -21*v - 80. Let l be r(-18). Let j be (-4)/(-14) + l/(-14)*1. What is the tens digit of b(j)?
1
Let p(j) = 1255*j**2 + 37*j - 88. What is the hundreds digit of p(5)?
4
Suppose 0 = 5*m - 315*l + 310*l - 56195, 4*l + 11230 = m. What is the hundreds digit of m?
2
What is the ten thousands digit of 17 + (-26)/(182/(-126147))?
1
What is the hundreds digit of (353/(-2))/(1384/464 - 3)?
2
Let d(q) = -q**3 + q + 1. Let p(r) = 2*r**3 + 2*r**2 - 3*r + 10. Let w(u) = -3*d(u) + p(u). Let o be w(3). Let h = 219 - o. What is the units digit of h?
7
Suppose -39*u = -3*u - 95364. Suppose 3*v = j - 537, -10*j + 15*j + 3*v = u. What is the units digit of j?
1
Let z = 26 - 40. Let x be (-36)/(-126) - 374/z. Suppose -25*j + x*j - 178 = 0. What is the tens digit of j?
8
Let i = 72106 - 48029. What is the units digit of i?
7
Suppose -1900 - 60 = 20*s. What is the tens digit of (24/21)/((-4)/s)?
2
Let w(m) = 3*m**2 - 6*m + 7. Let b be w(3). Let d(a) = -8*a + b*a + 2*a + 100 - 9*a. What is the units digit of d(0)?
0
Let r = -2484 - -6625. What is the units digit of r?
1
Let f = -19 + 30. Let g(a) be the third derivative of a**4/2 - 11*a**3/2 - a**2 - 61*a. What is the units digit of g(f)?
9
Suppose -17*d = -r - 12*d + 266, 3*r - 4*d = 798. Suppose r*i + 1160 = 270*i. What is the hundreds digit of i?
2
Let g = 39 - 15. Suppose 25*h = g*h + 58. Suppose -h - 410 = -6*n. What is the tens digit of n?
7
Let g(l) = 6*l - 25 + 6*l**2 - 4*l**2 + 22*l**2 + l**2. What is the tens digit of g(4)?
9
Suppose 0 = 41*h - 29*h + 6024. What is the tens digit of (h + -26)*3/(-4) - 4?
9
Let b be 4/(-6) - (-580)/87. Suppose -133 - 119 = -b*d. What is the tens digit of 1566/d - (-4)/(-14)?
3
Suppose 3*b + 18*r + 23 = 14*r, -5*r - 22 = -3*b. What is the tens digit of 370110/803 + b/(-11)?
6
Let y(o) = 93*o + 30. Let r be y(-4). Let v = 360 + r. What is the tens digit of v?
1
Suppose -42493 = 5*j - 3*w - 129775, 0 = 4*j - 2*w - 69824. What is the hundreds digit of j?
4
Let n = -35 - -37. Suppose 0 = n*o - c - 466, 2*c = 4*o - 3*c - 932. What is the hundreds digit of ((-4)/(-1) - 1) + (o - 15)?
2
Suppose 2080 = b + 4*b. Suppose 0 = 4*v + 4*z - 488, b = 3*v - z + 34. What is the tens digit of v?
2
Let k be ((-42)/24)/((-1)/(-4)). Let l(q) = q. Let z(m) = -3*m**2 - 2*m + 23. Let h(u) = 3*l(u) - z(u). What is the tens digit of h(k)?
8
What is the thousands digit of (-807)/(-6 + 99/18)?
1
What is the units digit of ((-3 - 0)/15)/(121/(-340615))?
3
Let h = 38 - 19. Suppose 4*l - 17 - h = -4*n, -4*n = 4. Suppose 6*y + 100 = l*y. What is the units digit of y?
5
Let p(b) = b**3 + 3*b**2 - 5*b - 6. Let t(c) = 78*c**3 - c**2 + c - 1. Let r be t(1). Let z = r + -73. What is the units digit of p(z)?
6
Suppose -7*b - 36 = -b. What is the units digit of (b/(-24) - (-11)/4) + 210?
3
Let v(t) be the third derivative of t**5/60 + t**4/24 + 25*t**3/6 - 3*t**2 + 18*t. What is the tens digit of v(9)?
1
Suppose 42*j - 80 = 26*j. Suppose -4*i = 3*t - 2393 - 286, 2*i - j*t - 1333 = 0. What is the hundreds digit of i?
6
Let k(u) = -u**3 + u**2 - 3*u. Let x be k(0). Let b be x/1 + (-24)/6. Let i(m) = 10*m**2 - 6*m + 6. What is the hundreds digit of i(b)?
1
Let d = 22 + -41. Let g be -18 - d - 2/2. Suppose g = 5*n - 0*n - 315. What is the tens digit of n?
6
Let q(f) = -f**2 - f - 1. Let v(z) = -37*z**2 - 21*z - 151. Let c(j) = 4*q(j) - v(j). What is the hundreds digit of c(-6)?
2
Suppose 0 = -4*i - i + 815. Let b = -45 + i. Let x = b + -31. What is the tens digit of x?
8
Suppose 0 = 4*c + 3*m - 1567, 0*c + 5*m + 1559 = 4*c. Let q be (-3 - (-1 - (-9)/2))*-42. Let n = c - q. What is the units digit of n?
8
Suppose 4*h - 38580 = -2*b, -128*h + 96540 = 5*b - 133*h. What is the units digit of b?
2
Suppose 595*v - 2*w + 231646 = 600*v, 92636 = 2*v + 4*w. What is the hundreds digit of v?
3
Let l = 1254 - 3376. What is the thousands digit of (l/(-8))/((-16)/(-64))?
1
Suppose 4*b + 2 = -2*v, -v - 3*b = b + 7. Let d(g) = 22*g**2 + 3*g + 2. What is the units digit of d(v)?
7
Let i = 405 + -421. Let q(g) = 4*g**2 + 21*g + 30. What is the units digit of q(i)?
8
Let z be 150/(-225)*(1 - 49). Suppose 7865 = 45*q - z*q. What is the tens digit of q?
0
Let l = 3289 - 2659. What is the units digit of l?
0
Let f = -3898 - -6085. What is the thousands digit of f?
2
Let g(f) be the second derivative of 19*f**5/60 + 3*f**4/2 - 15*f**3/2 - 11*f. Let o(i) be the second derivative of g(i). What is the hundreds digit of o(6)?
2
Suppose k - 2*z - 10 = 0, -k + 3*k - 2*z - 10 = 0. Suppose 0 = -4*d - k*d + 492. Let t = 386 - d. What is the tens digit of t?
6
Let x(i) = 492*i**2 + 19*i - 26. What is the hundreds digit of x(2)?
9
Let g(j) = j**2 - 3*j - 14. Let p be g(-5). Let t = -33 + p. Let s = t - -32. What is the units digit of s?
5
Let p(c) be the second derivative of -1/12*c**4 + 2*c - 18*c**2 - 13/3*c**3 - 37. What is the tens digit of p(-17)?
1
Suppose -165766 = -24*i - 0*i + 1767770. What is the thousands digit of i?
0
Let z(i) = 58*i**2 + 18*i - 5. Let c(b) = 4*b**3 - 64*b**2 - b + 12. Let d be c(16). What is the units digit of z(d)?
1
Let n(f) = f**3 - 1. Let r be n(1). Suppose 17*s - 14*s - 771 = r. What is the units digit of s?
7
Let g(i) = 167*i**2 + 739*i + 27. What is the hundreds digit of g(-9)?
9
Suppose 0 = 5*m + 5*v - 127335, 42*m - v = 38*m + 101858. What is the hundreds digit of m?
4
Suppose -52 = -4*i + y, y + 3*y - 26 = -2*i. Suppose i*p - 9*p = 12. Suppose p*k - 324 = -3*o, -324 = -5*o + 2*o + 4*k. What is the tens digit of o?
0
Let v = 10759 - 6889. What is the thousands digit of v?
3
Let g be ((-130)/(